on divisor of s and k.
7
Let p(u) = -u + 49. Let s be p(-39). Let c = 15 - 4. Calculate the greatest common factor of s and c.
11
Let j be 2 - (1 + 2/2). Let u(b) = b - 5. Let t be u(5). Let p be j - (t + 1)*-2. Calculate the highest common divisor of 14 and p.
2
Suppose l + 2 = 0, -5*y - 2*l = -4 - 2. Suppose 7 - y = 5*h. What is the highest common divisor of 9 and h?
1
Let k(i) = 31*i - 9. Let c be ((-12)/(-10))/((-10)/(-75)). Let f be k(c). Calculate the highest common divisor of f and 30.
30
Let y(v) = 2*v**2 - 8*v - 3. Let o be 2/(-4) - (-75)/10. Let p be y(o). Calculate the highest common divisor of p and 13.
13
Let k be 110/15 - 1/3. Let j be 14/k - 1*-11. Let o be (-1 + 4)/((-3)/(-117)). Calculate the highest common factor of o and j.
13
Let r(i) = 4*i - 17. Let h = 12 + -9. Suppose -4*o - 3*t = -58, h*o + o = 4*t + 44. Let w be r(o). Calculate the greatest common factor of 7 and w.
7
Let o(q) be the first derivative of q**3/3 + 2*q**2 + q + 3. Let a be o(-3). Let v = 0 - a. What is the greatest common divisor of 3 and v?
1
Let z = 128 - 76. Let j(w) = -w. Let b be j(1). Let v be (-1 - b) + 10 + 3. Calculate the greatest common divisor of v and z.
13
Let f(c) = 3*c**2 + 5*c - 22. Let n be f(3). Suppose 11 = 2*p + 3. Calculate the highest common divisor of p and n.
4
Suppose 4*c = 2*c + 24. What is the highest common factor of c and 9?
3
Suppose -3*j = 7*j - 600. Suppose 0 = -3*v + 4*v - 3. Suppose -4 = -v*d + 26. What is the greatest common divisor of j and d?
10
Let d(w) = -w - 1. Let y be d(-4). Let b = y - 1. Calculate the greatest common factor of b and 5.
1
Let o = 136 + -76. Suppose 2*a = -0*a + 28. Let t be -1*2 + a/1. Calculate the greatest common factor of o and t.
12
Suppose 0 = -s + 2*s, -3*s + 63 = u. What is the highest common divisor of u and 7?
7
Let f(q) = -q**3 - 6*q**2 + 8*q + 13. Let s be f(-7). Let y = 18 - s. Calculate the highest common factor of y and 6.
6
Suppose 0 = 5*b - 7 - 43. Let w be (-150)/(-3) + -1 + 1. What is the greatest common divisor of b and w?
10
Suppose -g + 17 = 2. Let c be ((-294)/15)/((-3)/g). Calculate the greatest common factor of 14 and c.
14
Let d be 30*((-88)/(-12) - 4). Calculate the greatest common factor of 20 and d.
20
Suppose 0 = -5*k - 5 + 20. Let f(j) = j**2 - 3*j + 1. Let n be f(k). Calculate the greatest common divisor of 8 and n.
1
Let a(b) = b**3 + 20*b**2 - 15*b - 12. Let h(g) = 10*g**2 - 7*g - 6. Let k(y) = 2*a(y) - 5*h(y). Let c be k(6). What is the greatest common factor of c and 12?
12
Let s = 69 + -41. Calculate the greatest common factor of 308 and s.
28
Let v be (-34)/(-17)*(-70)/(-4). Suppose 0 = u - 0 + 1. Let k be 7 + (-4)/((-2)/u). Calculate the greatest common factor of k and v.
5
Let t(x) = -4 + x - 3*x + 0 + 15*x. Let n = 5 + -2. Let p be t(n). Calculate the greatest common divisor of p and 7.
7
Let v = -11 - -18. Let t = -94 - -143. Calculate the highest common factor of v and t.
7
Let t(s) = -s**2 - 5*s. Let x be t(-3). Suppose w = 2*w - x. Suppose 130 = w*k - k. What is the greatest common factor of 65 and k?
13
Let c(l) = l**3 + l**2 - l + 1. Let y be c(0). Let o be 1/y*(-6)/3. Let k be 146/12 - o/(-12). What is the highest common divisor of k and 132?
12
Let x = 87 - 60. Let k = 34 - 19. Suppose -f - 4*f + k = 0. Calculate the greatest common factor of x and f.
3
Suppose -6*z - 55 = -11*z. Suppose 3*i - 2*c = 4, 1 = -4*c - 7. Let a be (1 + i)*(13 - 2). What is the greatest common divisor of z and a?
11
Let f(l) = 2*l**2 + 3*l - 2. Let v be f(-4). Let w = -2 + 4. Suppose -4*b = -q - 3*q + 64, q - 4 = -w*b. What is the greatest common factor of v and q?
6
Suppose 3*y - 140 + 50 = 0. Suppose -5*q = -0*i + i + 336, -3*i - 124 = 2*q. Let o = q + 143. What is the greatest common factor of o and y?
15
Let y = -4 - -6. Let s be (y - 1) + 1 + 43. Calculate the greatest common divisor of 9 and s.
9
Let s = -1 + 21. Let w = s + -16. Let y(l) = 28*l. Let m be y(1). What is the greatest common factor of m and w?
4
Let w(t) = 2 - t + 0 - 5. Let u be w(-7). Calculate the greatest common factor of 32 and u.
4
Let c(q) = -q**2 + 22*q - 8. Let y be c(9). Suppose -2*w + y - 1 = 0. Calculate the highest common divisor of w and 18.
18
Let s(r) be the first derivative of 2 - 5/2*r**2 - 1/3*r**3 - 3*r. Let c be s(-4). What is the highest common factor of 1 and c?
1
Suppose 0 = w - 1 - 20. Let x(j) = 6*j**2 - 6*j + 9. Let u be x(6). Calculate the highest common factor of u and w.
21
Let q(j) = 11*j - 6. Let d be q(4). Suppose -3*v = -5*v + 62. Suppose -3*r = -26 - v. What is the greatest common divisor of d and r?
19
Suppose -6*a + 3*a + 20 = 4*p, -20 = 5*a. What is the highest common factor of 1 and p?
1
Suppose -2*l + 16 = 2*l. Let i = -2 - -7. Suppose -1 = -i*h + 9. Calculate the greatest common divisor of l and h.
2
Let q be ((-2)/6)/(2/(-6)). Suppose 3*c - 3 = 3. Calculate the highest common divisor of c and q.
1
Let r(p) = 76*p - 20. Let n be r(5). Calculate the greatest common divisor of n and 45.
45
Let o = -5 + 9. Let a(w) = w - 3. Let n be a(7). What is the greatest common factor of o and n?
4
Let k(p) = 44*p + 2. Let t be k(-1). Let i be t/(-35)*(-20)/(-6). What is the greatest common factor of 4 and i?
4
Let h be -6*(-3)/6 - 10. Let q be 2/h - 710/(-35). Let t be 2 - 78/(2 + -3). Calculate the greatest common divisor of q and t.
20
Let p be -2 + -1 - 180/(-9). Calculate the greatest common factor of p and 272.
17
Suppose 180 = -0*t + 4*t. What is the greatest common factor of t and 15?
15
Let b be 6/(-4)*8/(-6). Suppose -4*t + b*w = 0, -3*t + 3*w = -2*w - 14. Let z(j) = 2*j**2 + 3*j. Let o be z(t). What is the highest common divisor of o and 10?
2
Let n = -16 + 28. Calculate the highest common divisor of n and 108.
12
Suppose 0 = 2*b + a - 495, b - 2*b = -3*a - 230. Calculate the greatest common divisor of b and 49.
49
Suppose 4*w = 15 - 3. Suppose -70 = -4*b - b + 2*t, -14 = -b - w*t. Let a(f) = f**2 + f + 154. Let s be a(0). What is the greatest common factor of s and b?
14
Let f = 19 + -16. Let c be 7/1 - f - -2. Calculate the highest common factor of c and 48.
6
Suppose -2*n + 256 = 2*l, -3*l - 3*n + 4*n + 376 = 0. Suppose 0 = c - 2 + 65. Let j = l + c. Calculate the greatest common divisor of 7 and j.
7
Let g be 32*15*(-2)/(-8). Let s = 15 - 0. Calculate the highest common factor of s and g.
15
Let c(v) = v**3 + 4*v**2 - 6*v - 4. Let u be c(-5). Suppose 0 = -7*i - 20 + 27. What is the greatest common divisor of i and u?
1
Let x(k) = -k**3 + 7*k**2 - 2*k - 6. Let q be x(6). Let l = 117 + -115. Calculate the highest common factor of l and q.
2
Suppose 6 + 19 = 5*g. Suppose g*a - t - 58 = 0, -2*t - 3*t = 4*a - 58. Let x = -5 - -8. Calculate the highest common factor of x and a.
3
Suppose -2*r + 20 = -0*r. What is the highest common factor of 40 and r?
10
Let u(c) = c**3 + 2*c**2 - 4*c - 3. Let j be u(-3). Suppose -2*p + 4 = -j. Let b = p - 1. What is the highest common divisor of 3 and b?
1
Let m(q) = -q**2 + 16*q + 18. Let u be 2/7 - (-89)/7. Let h be m(u). Calculate the greatest common divisor of h and 38.
19
Let j(h) be the third derivative of h**5/60 + 5*h**4/24 - h**3 - 4*h**2. Let l be 30/9*-3 - -3. Let n be j(l). What is the highest common factor of n and 1?
1
Suppose -4*k + 2*k + 14 = 0. Calculate the highest common factor of k and 77.
7
Let x(i) = 8*i**2 - 68*i**3 - i + 3*i**3 - 10*i**2. Let y be x(-1). What is the highest common factor of 16 and y?
16
Let r(o) = -17*o - 1. Let g be r(-8). What is the highest common divisor of g and 15?
15
Let q(f) = -13*f - 1. Let v be q(-1). Calculate the highest common divisor of 6 and v.
6
Suppose 0 = 10*h + 2*h - 288. Calculate the greatest common divisor of 96 and h.
24
Let i(y) = 2*y**2 + 10*y - 4. Let p(a) = 2*a**2 + 11*a - 5. Let n(u) = -2*i(u) + 3*p(u). Let m be n(-10). What is the greatest common factor of m and 9?
9
Let p(o) = -o**3 - o**2 + o + 24. Let z be p(0). Let y be (z/10)/(8/20). Calculate the highest common divisor of y and 12.
6
Let w(q) = q**3 - 4*q**2 + 6*q - 7. Let a be w(5). Let d(b) = -7*b - 24. Let z be d(-8). What is the highest common factor of a and z?
16
Let k(l) = l - 3 + 0*l - 2 - 4. Let m be k(8). Let s be (14/10)/(m/(-5)). What is the highest common factor of 21 and s?
7
Suppose -14*n 